ivisor of 616 and 10984952.
88
What is the greatest common divisor of 350667 and 1063607?
829
What is the highest common factor of 1236246 and 42?
6
Calculate the highest common divisor of 670350 and 72450.
150
What is the greatest common divisor of 370997437 and 314?
157
What is the greatest common divisor of 127563 and 156045?
303
Calculate the highest common divisor of 478728320 and 336.
112
Calculate the greatest common divisor of 20786953 and 121.
121
What is the highest common divisor of 950 and 525756410?
190
What is the highest common divisor of 11702338 and 438?
146
What is the highest common divisor of 51119471 and 9321?
3107
Calculate the highest common factor of 2730 and 4189510.
130
What is the highest common factor of 175814872 and 712?
712
Calculate the highest common factor of 1009152 and 11388.
876
Calculate the greatest common factor of 320 and 452085440.
320
Calculate the greatest common divisor of 12 and 76698882.
6
Calculate the greatest common factor of 11622330 and 2920.
730
What is the greatest common divisor of 258972972 and 5058?
1686
What is the greatest common factor of 754 and 95315779?
377
What is the greatest common factor of 6685998 and 11110?
2222
What is the greatest common divisor of 2169468 and 41328?
252
Calculate the greatest common factor of 4513663 and 70301.
847
What is the greatest common divisor of 34150 and 37892157?
683
Calculate the greatest common divisor of 310698 and 522.
18
Calculate the highest common factor of 4851650 and 2850.
950
What is the highest common divisor of 278221 and 143838?
61
Calculate the greatest common divisor of 80432 and 176.
176
What is the highest common divisor of 288 and 9258048?
288
What is the highest common factor of 3736992 and 49848?
1608
What is the greatest common factor of 581532 and 154413?
903
What is the highest common divisor of 3222 and 5977705?
179
Calculate the greatest common factor of 10189929 and 564.
141
What is the greatest common divisor of 6396 and 9558084?
492
Calculate the greatest common factor of 4881105 and 34875.
1395
Calculate the highest common factor of 437160406 and 374.
34
What is the greatest common factor of 2486705 and 1142?
571
Calculate the greatest common factor of 1929546 and 4.
2
What is the greatest common factor of 1828425 and 825?
75
What is the greatest common divisor of 4782861 and 13959?
1269
Calculate the greatest common factor of 990 and 7129089.
99
Calculate the greatest common factor of 15871617 and 45.
9
Calculate the highest common divisor of 7190270 and 320.
10
Calculate the highest common factor of 169138882 and 34.
34
Calculate the greatest common factor of 2181584 and 154837.
2311
Calculate the greatest common divisor of 3857 and 307363.
133
What is the greatest common divisor of 9689 and 6763?
1
Calculate the greatest common divisor of 40368420 and 16440.
8220
Calculate the highest common factor of 185947604 and 12502.
1786
Calculate the highest common divisor of 1147 and 28647583.
37
Calculate the highest common divisor of 1365 and 9303.
21
Calculate the highest common factor of 24 and 130044.
12
Calculate the highest common factor of 816 and 45852264.
408
What is the highest common divisor of 512128 and 1136?
16
Calculate the greatest common divisor of 24885110 and 170.
170
Calculate the greatest common divisor of 28598339 and 6314.
77
What is the highest common divisor of 852 and 26660145?
213
Calculate the highest common factor of 38274 and 7728.
6
Calculate the highest common divisor of 1710157 and 591.
197
What is the greatest common divisor of 23439867 and 66?
33
What is the highest common divisor of 83438460 and 119?
7
What is the highest common divisor of 1189675 and 110?
5
Calculate the highest common factor of 235891791 and 1809.
1809
Calculate the highest common factor of 335 and 72777410.
335
What is the greatest common factor of 14019 and 90?
3
What is the highest common factor of 30162 and 841794?
2742
Calculate the highest common factor of 1 and 2268832.
1
Calculate the greatest common factor of 721221 and 57.
57
Calculate the highest common divisor of 688345 and 1786715.
2485
What is the greatest common divisor of 481 and 868982?
37
Calculate the greatest common divisor of 81207181 and 12719.
1817
What is the greatest common divisor of 97954470 and 1150?
230
Calculate the highest common divisor of 7444638 and 9.
9
What is the highest common divisor of 2016 and 242886?
42
What is the highest common divisor of 343470 and 136440?
30
Calculate the greatest common divisor of 229274510 and 21720.
1810
Calculate the highest common divisor of 80122203 and 27.
27
Calculate the greatest common factor of 211 and 1323181.
211
Calculate the greatest common factor of 107822 and 135256.
638
What is the greatest common divisor of 368683 and 17444?
7
What is the greatest common factor of 5017432 and 20?
4
Calculate the highest common factor of 779 and 193224718.
779
Calculate the highest common factor of 625182 and 794136.
174
What is the greatest common divisor of 886776 and 154?
22
Calculate the highest common divisor of 49756 and 304046477.
12439
What is the highest common divisor of 16537260 and 340?
340
What is the greatest common factor of 378 and 15484406?
14
What is the greatest common factor of 1026994 and 1061038?
5674
What is the highest common divisor of 104 and 3433196?
52
Calculate the highest common factor of 844 and 238852.
844
What is the greatest common factor of 31416624 and 288?
144
Calculate the greatest common factor of 3530 and 5234590.
10
What is the greatest common divisor of 391983585 and 4410?
735
What is the greatest common factor of 7252839 and 18?
9
What is the highest common divisor of 30456 and 704538?
162
Calculate the highest common divisor of 13620 and 2565327.
681
Calculate the greatest common factor of 72254 and 5301538.
794
What is the greatest common divisor of 3040200 and 555?
15
What is the greatest common divisor of 34426962 and 2952?
738
Calculate the highest common factor of 40186076 and 2156.
196
What is the greatest common divisor of 4306487 and 6186?
1031
Calculate the highest common factor of 4864555 and 63557.
4889
Calculate the highest common factor of 3451353 and 1.
1
Calculate the greatest common factor of 7098 and 4607616.
1014
Calculate the highest common factor of 144207 and 1881231.
327
What is the greatest common factor of 1199934 and 891?
81
Calculate the greatest common factor of 161929 and 22826.
113
Calculate the greatest common factor of 51 and 4045407.
3
What is the greatest common factor of 14370 and 14520?
30
Calculate the highest common factor of 378407628 and 36.
36
Calculate the highest common factor of 23645116 and 66.
22
What is the highest common factor of 10975 and 169224403?
439
What is the highest common factor of 339117590 and 89?
89
Calculate the greatest common divisor of 5552 and 122248447.
347
What is the highest common factor of 216375 and 12769587?
1731
What is the highest common factor of 402777787 and 158?
79
Calculate the highest common divisor of 1085217 and 168.
21
What is the highest common divisor of 108236067 and 249?
249
Calculate the greatest common factor of 37385 and 265.
5
Calculate the highest common factor of 62 and 22978378.
62
What is the greatest common divisor of 2254 and 3132416?
322
Calculate the highest common divisor of 3347 and 734325106.
3347
What is the highest common factor of 3870600 and 38400?
600
Calculate the highest common factor of 20811 and 45246087.
2973
Calculate the highest common factor of 9847 and 11059784.
229
What is the highest common factor of 199756550 and 1050?
350
What is the highest common divisor of 1315942 and 8288?
74
What is the highest common divisor of 2742497 and 349633?
2021
What is the highest common factor of 34 and 571081?
17
Calculate the greatest common divisor of 39078026 and 442.
26
Calculate the greatest common divisor of 88598089 and 3491.
3491
What is the greatest common divisor of 12575306 and 916?
458
What is the greatest common divisor of 113269126 and 1622?
1622
What is the greatest common factor of 1855 and 1133670?
265
Calculate the greatest common divisor of 81468 and 8438508.
2628
Calculate the highest common factor of 963268 and 114086.
562
Calculate the 